 (base 15) in base 9?
177
What is 102 (base 3) in base 15?
b
What is -43 (base 5) in base 10?
-23
Convert 1 (base 12) to base 16.
1
What is -100220 (base 3) in base 8?
-413
What is -2 (base 7) in base 4?
-2
What is -103 (base 4) in base 8?
-23
-1 (base 8) to base 6
-1
Convert -42 (base 13) to base 10.
-54
What is -3 (base 6) in base 3?
-10
6 (base 12) to base 7
6
-11 (base 14) to base 3
-120
What is 34 (base 13) in base 4?
223
50 (base 7) to base 10
35
1111 (base 2) to base 13
12
What is -1100 (base 2) in base 3?
-110
-31 (base 10) to base 16
-1f
What is -2111 (base 3) in base 12?
-57
11101 (base 2) to base 4
131
Convert -18 (base 9) to base 6.
-25
Convert -d (base 16) to base 9.
-14
Convert -1111111 (base 2) to base 13.
-9a
What is 24 (base 15) in base 4?
202
21 (base 16) to base 2
100001
Convert -ed (base 15) to base 9.
-267
0 (base 8) to base 16
0
What is -3 (base 6) in base 5?
-3
Convert -12212 (base 3) to base 2.
-10011110
-110 (base 3) to base 9
-13
Convert 12 (base 9) to base 6.
15
Convert -1 (base 4) to base 14.
-1
What is 6e (base 15) in base 9?
125
What is -11011000 (base 2) in base 15?
-e6
Convert -10 (base 2) to base 12.
-2
Convert 1a (base 11) to base 4.
111
What is 4 (base 16) in base 5?
4
What is -1a (base 11) in base 3?
-210
What is 40 (base 13) in base 3?
1221
What is 15 (base 13) in base 9?
20
What is 22 (base 4) in base 7?
13
Convert 233 (base 4) to base 6.
115
Convert -2 (base 10) to base 11.
-2
Convert -160 (base 14) to base 9.
-341
4 (base 12) to base 3
11
What is -2 (base 8) in base 5?
-2
What is 3 (base 14) in base 9?
3
-a (base 14) to base 13
-a
What is -19 (base 11) in base 16?
-14
Convert 0 (base 15) to base 6.
0
What is -21 (base 9) in base 14?
-15
Convert -11 (base 6) to base 3.
-21
-b (base 15) to base 9
-12
Convert 1a (base 12) to base 13.
19
What is 304 (base 9) in base 7?
502
2d (base 15) to base 11
3a
Convert -1 (base 9) to base 2.
-1
8 (base 14) to base 2
1000
Convert 11c (base 14) to base 8.
336
96 (base 10) to base 3
10120
What is -314 (base 7) in base 15?
-a8
2 (base 16) to base 6
2
19 (base 12) to base 2
10101
48 (base 16) to base 12
60
What is 64 (base 13) in base 16?
52
-204 (base 6) to base 16
-4c
What is a (base 11) in base 7?
13
-19 (base 10) to base 4
-103
What is 84 (base 14) in base 3?
11022
What is 63 (base 13) in base 7?
144
What is 3 (base 5) in base 11?
3
What is 0 (base 12) in base 4?
0
5 (base 9) to base 2
101
Convert 423 (base 5) to base 12.
95
Convert -20 (base 3) to base 12.
-6
Convert 11110 (base 2) to base 10.
30
Convert 18 (base 16) to base 11.
22
Convert 4 (base 15) to base 16.
4
-3 (base 7) to base 5
-3
-101000 (base 2) to base 8
-50
Convert -13 (base 9) to base 3.
-110
Convert ce (base 16) to base 2.
11001110
What is -10011 (base 2) in base 6?
-31
What is 0 (base 14) in base 5?
0
Convert 24 (base 10) to base 16.
18
What is 1001 (base 2) in base 3?
100
18 (base 11) to base 8
23
What is -4 (base 6) in base 4?
-10
What is 1111 (base 2) in base 10?
15
Convert -10 (base 5) to base 8.
-5
Convert 135 (base 10) to base 14.
99
What is -11011011 (base 2) in base 10?
-219
What is 11 (base 3) in base 5?
4
What is 4 (base 11) in base 16?
4
Convert 1111 (base 2) to base 10.
15
-100 (base 2) to base 7
-4
What is 10302 (base 4) in base 12?
216
Convert -1 (base 2) to base 15.
-1
11 (base 9) to base 13
a
133 (base 5) to base 15
2d
What is -3 (base 16) in base 11?
-3
-12 (base 3) to base 11
-5
What is 231 (base 8) in base 3?
12200
-60 (base 9) to base 6
-130
Convert -1 (base 5) to base 13.
-1
-75 (base 16) to base 7
-225
Convert c5 (base 13) to base 14.
b7
Convert 5 (base 15) to base 16.
5
What is -412 (base 8) in base 12?
-1a2
4 (base 8) to base 2
100
Convert 63 (base 8) to base 16.
33
Convert 4 (base 5) to base 6.
4
Convert -1000 (base 3) to base 12.
-23
7 (base 13) to base 2
111
-41 (base 5) to base 9
-23
Convert 15 (base 16) to base 15.
16
What is -2 (base 10) in base 3?
-2
-2 (base 6) to base 14
-2
Convert -3 (base 6) to base 4.
-3
What is -6 (base 14) in base 10?
-6
What is 2 (base 11) in base 10?
2
What is -18 (base 12) in base 14?
-16
What is 8 (base 10) in base 4?
20
-121 (base 11) to base 3
-12100
What is 7 (base 16) in base 9?
7
What is 8 (base 9) in base 7?
11
17 (base 12) to base 4
103
What is -12 (base 9) in base 11?
-10
Convert -431 (base 5) to base 13.
-8c
6 (base 15) to base 16
6
Convert 3 (base 15) to base 8.
3
Convert 9b (base 14) to base 2.
10001001
-5 (base 14) to base 2
-101
What is -1 (base 15) in base 14?
-1
10101 (base 2) to base 11
1a
Convert -1 (base 8) to base 12.
-1
What is 96 (base 15) in base 3?
12020
11 (base 2) to base 3
10
13 (base 9) to base 13
c
Convert 2 (base 8) to base 6.
2
93 (base 13) to base 12
a0
Convert d6 (base 14) to base 11.
161
a (base 16) to base 13
a
Convert -2 (base 8) to base 2.
-10
a7 (base 12) to base 16
7f
What is 130 (base 5) in base 9?
44
-8 (base 12) to base 2
-1000
What is 3 (base 13) in base 3?
10
What is 5 (base 11) in base 16?
5
Convert 11 (base 4) to base 15.
5
What is 34 (base 9) in base 6?
51
-14 (base 12) to base 14
-12
3033 (base 4) to base 8
317
Convert b (base 13) to base 14.
b
2 (base 3) to base 13
2
What is 56 (base 7) in base 13?
32
Convert 2 (base 5) to base 8.
2
0 (base 15) to base 12
0
6 (base 16) to base 15
6
What is -22 (base 5) in base 8?
-14
What is -21 (base 6) in base 7?
-16
Convert -42 (base 6) to base 8.
-32
What is -10 (base 8) in base 4?
-20
Convert -114 (base 8) to base 4.
-1030
Convert 9 (base 14) to base 8.
11
Convert 10 (base 5) to base 4.
11
What is 13 (base 14) in base 10?
17
Convert -3 (base 10) to base 4.
-3
-112 (base 16) to base 8
-422
-4 (base 13) to base 15
-4
Convert -1 (base 7) to base 11.
-1
Convert -35 (base 12) to base 15.
-2b
What is -250 (base 7) in base 3?
-11221
1 (base 7) to base 9
1
What is -62 (base 16) in base 13?
-77
What is 27 (base 16) in base 11?
36
What is -3 (base 13) in base 9?
-3
Convert 10 (base 6) to base 10.
6
What is -1 (base 14) in base 2?
-1
What is -4 (base 6) in base 10?
-4
Convert 2 (base 3) to base 14.
2
What is -113 (base 4) in base 5?
-43
What is -2 (base 5) in base 13?
-2
-8 (base 16) to base 3
-22
Convert -3 (base 8) to base 4.
-3
What is -12 (base 10) in base 6?
-20
What is -1 (base 8) in base 9?
-1
-12 (base 10) to base 9
-13
Convert 29 (base 11) to base 16.
1f
What is -9 (base 14) in base 15?
-9
What is -22 (base 6) in base 10?
-14
Convert 20111 (base 3) to base 7.
340
What is 3 (base 12) in base 3?
10
What is 2 (base 10) in base 6?
2
What is 44 (base 14) in base 4?
330
-413 (base 5) to base 15
-73
48 (base 9) to base 10
44
-c (base 14) to base 5
-22
1 (base 5) to base 10
1
257 (base 11) to base 15
154
Convert 34 (base 7) to base 4.
121
6 (base 16) to base 10
6
What is -5 (base 16) in base 4?
-11
-4 (base 6) to base 7
-4
-6 (base 12) to base 8
-6
What is 15b (base 12) in base 4?
3113
What is 1201 (base 3) in base 16?
2e
34 (base 5) to base 3
201
What is 20 (base 16) in base 14?
24
172 (base 11) to base 4
3020
Convert 8 (base 16) to base 3.
22
Convert 0 (base 4) to base 11.
0
Convert 31 (base 9) to base 2.
11100
Convert -29 (base 13) to base 11.
-32
Convert 5b (base 16) to base 4.
1123
Convert 10 (base 11) to base 4.
23
-10011 (base 2) to base 3
-201
What is a (base 13) in base 2?
1010
What is 1001 (base 2) in base 14?
9
101 (base 6) to base 11
34
What is 1 (base 9) in base 2?
1
What is -134 (base 6) in base 15?
-3d
-1 (base 11) to base 12
-1
What is 1020 (base 4) in base 6?
200
What is 122 (base 5) in base 9?
41
Convert -1 (base 7) to base 2.
-1
What is 1 (base 14) in base 4?
1
1 (base 14) to base 15
1
What is 5 (base 12) in base 13?
5
-20 (base 10) to base 9
-22
Convert -1 (base 16) to base 15.
-1
What is -13 (base 16) in base 5?
-34
-17 (base 14) to base 9
-23
-19 (base 13) to base 9
-24
What is -367 (base 9) in base 10?
-304
Convert 2 (base 16) to base 2.
10
-2100 (base 3) to base 15
-43
-125 (base 6) to base 5
-203
-187 (base 13) to base 8
-430
Convert 1 (base 7) to base 16.
1
What is 2 (base 4) in base 12?
2
Convert -6 (base 16) to base 9.
-6
What is -1000011 (base 2) in base 7?
-124
-31 (base 12) to base 16
-25
What is -1 (base 7) in base 14?
-1
-54 (base 6) to base 14
-26
What is -23 (base 8) in base 13?
-16
Convert -2 (base 5) to base 13.
-2
Convert -6 (ba